{"id":71,"date":"2024-02-07T10:43:59","date_gmt":"2024-02-07T10:43:59","guid":{"rendered":"https:\/\/maricarmengallardo.com\/?page_id=71"},"modified":"2025-02-10T17:34:18","modified_gmt":"2025-02-10T17:34:18","slug":"a-venir","status":"publish","type":"page","link":"https:\/\/maricarmengallardo.com\/?page_id=71","title":{"rendered":"LIVRES"},"content":{"rendered":"\n<figure class=\"wp-block-gallery has-nested-images columns-default is-cropped wp-block-gallery-1 is-layout-flex wp-block-gallery-is-layout-flex\">\n<figure class=\"wp-block-image size-large\"><a href=\"https:\/\/www.editions-maia.com\/livre\/la-voix-des-meres\/\"><img loading=\"lazy\" decoding=\"async\" width=\"655\" height=\"1024\" data-id=\"110\" src=\"https:\/\/maricarmengallardo.com\/wp-content\/uploads\/2024\/05\/VDM-Couverture-655x1024.png\" alt=\"\" class=\"wp-image-110\" srcset=\"https:\/\/maricarmengallardo.com\/wp-content\/uploads\/2024\/05\/VDM-Couverture-655x1024.png 655w, https:\/\/maricarmengallardo.com\/wp-content\/uploads\/2024\/05\/VDM-Couverture-600x938.png 600w, https:\/\/maricarmengallardo.com\/wp-content\/uploads\/2024\/05\/VDM-Couverture-192x300.png 192w, https:\/\/maricarmengallardo.com\/wp-content\/uploads\/2024\/05\/VDM-Couverture.png 678w\" sizes=\"auto, (max-width: 655px) 100vw, 655px\" \/><\/a><\/figure>\n<\/figure>\n\n\n\n<h1 class=\"wp-block-heading\">La voix des m\u00e8res<\/h1>\n\n\n\n<p>de Mari Carmen Gallardo<br>ISBN: 978-2-37916-280-0<\/p>\n\n\n\n<p>17,00\u20ac<\/p>\n\n\n\n<p>C\u2019est en d\u00e9cembre 2008 que j\u2019ai re\u00e7u avec une clart\u00e9 ind\u00e9niable l\u2019exhortation suivante : \u00ab et ceci sera transmis au plus grand nombre \u00bb. Apr\u00e8s dix ans de transmission orale au Qu\u00e9bec et en Europe des enseignements prodigu\u00e9s par Les M\u00e8res, l\u2019heure est venue de les transmettre par \u00e9crit. J\u2019ai la profonde conviction que les messages contenus dans ce livre, racont\u00e9s en toute humilit\u00e9 et int\u00e9grit\u00e9, sauront toucher les lecteurs en qu\u00eate de sens.<br>Ce livre contient la r\u00e9v\u00e9lation du contrat spirituel de l\u2019auteure et la r\u00e9ponse \u00e0 sa question existentielle \u00ab Qui suis-je \u00bb\u2009; son exp\u00e9rience de la structure g\u00e9om\u00e9trique de la matrice de vie nouvellement expans\u00e9e\u2009; les nombreux enseignements prodigu\u00e9s par les M\u00e8res directement pour permettre l\u2019\u00e9mergence d\u2019une nouvelle conscience, dans cette \u00e9tape cruciale d\u2019\u00e9volution de l\u2019humanit\u00e9\u2009; enfin, la description sommaire des moyens concrets que les M\u00e8res lui ont communiqu\u00e9s.quantit\u00e9 de La voix des m\u00e8resCOMMANDER<\/p>\n\n\n\n<p>Cat\u00e9gorie&nbsp;:&nbsp;<a href=\"https:\/\/www.editions-maia.com\/collection\/esoteriques\/\">\u00c9sot\u00e9riques<\/a><\/p>\n\n\n\n<p><a href=\"https:\/\/www.editions-maia.com\/livre\/la-voix-des-meres\/\">https:\/\/www.editions-maia.com\/livre\/la-voix-des-meres\/<\/a><\/p>\n\n\n\n<p><\/p>\n\n\n\n<h2 class=\"wp-block-heading\"><a href=\"https:\/\/www.amazon.fr\/voix-m%C3%A8res-Mari-Carmen-Gallardo-ebook\/dp\/B0DVCHXX1D\/ref=sr_1_2?__mk_fr_FR=%C3%85M%C3%85%C5%BD%C3%95%C3%91&amp;crid=1TXGCFQUYK5M0&amp;dib=eyJ2IjoiMSJ9.QRKOEpM7s3JH09X984TyvYiFDNHMTPkIT7A0HApEhwJw33WvPf5g4OxREBP9epY6GINcZeMnE74hdlKK5dbeZ6LN-htuRSsyGWPdT5IJI_NfFHGk2aKzcz2SD8UDqZJ4umpW7vaAnZKKyU_FpfxoWdWRkpI_446o1OLA0FTIs1xKv2lAvmI2-eds5ZFDm9-QTWPQkVNydTBEn6yiBdM0_6feUYEh6SSaYKtOh-1kvqu5oeqdpjnvZvmeNSq_YdDgHHTF3GJJ6-B5ssfOkmbG7MFb___mE6l5IxkBpKG2P_yAvWKM3uoFhtiaTOXtAXBLwCTeJS8B_DiI6S7pWSDgghj4RD3JwhlaccAZDiJ0DxbGnS5nRcI6U29aCSxeMS4FWQ12CKxIzr1zhZjWGwCspvSb4iB4BReM-8ST3Hb-cQ9NxJfrmWk4mkrS2C9sIU0H.f6OKTJ9ba5oB6g6aqeiRJGTUj0IX7piYmvdnO_TA7LQ&amp;dib_tag=se&amp;keywords=la+voix+des+meres&amp;qid=1739208206&amp;sprefix=la+voix+des+meres%2Caps%2C85&amp;sr=8-2\">Kindle<\/a> sur Amazon<\/h2>\n","protected":false},"excerpt":{"rendered":"<p>La voix des m\u00e8res de Mari Carmen GallardoISBN: 978-2-37916-280-0 17,00\u20ac C\u2019est en d\u00e9cembre 2008 que j\u2019ai re\u00e7u avec une clart\u00e9 ind\u00e9niable l\u2019exhortation suivante : \u00ab et ceci sera transmis au plus grand nombre \u00bb. Apr\u00e8s dix ans de transmission orale au Qu\u00e9bec et en Europe des enseignements prodigu\u00e9s par Les M\u00e8res, l\u2019heure est venue de [&hellip;]<\/p>\n","protected":false},"author":1,"featured_media":0,"parent":0,"menu_order":0,"comment_status":"closed","ping_status":"closed","template":"","meta":{"footnotes":""},"class_list":["post-71","page","type-page","status-publish","hentry"],"_links":{"self":[{"href":"https:\/\/maricarmengallardo.com\/index.php?rest_route=\/wp\/v2\/pages\/71","targetHints":{"allow":["GET"]}}],"collection":[{"href":"https:\/\/maricarmengallardo.com\/index.php?rest_route=\/wp\/v2\/pages"}],"about":[{"href":"https:\/\/maricarmengallardo.com\/index.php?rest_route=\/wp\/v2\/types\/page"}],"author":[{"embeddable":true,"href":"https:\/\/maricarmengallardo.com\/index.php?rest_route=\/wp\/v2\/users\/1"}],"replies":[{"embeddable":true,"href":"https:\/\/maricarmengallardo.com\/index.php?rest_route=%2Fwp%2Fv2%2Fcomments&post=71"}],"version-history":[{"count":8,"href":"https:\/\/maricarmengallardo.com\/index.php?rest_route=\/wp\/v2\/pages\/71\/revisions"}],"predecessor-version":[{"id":342,"href":"https:\/\/maricarmengallardo.com\/index.php?rest_route=\/wp\/v2\/pages\/71\/revisions\/342"}],"wp:attachment":[{"href":"https:\/\/maricarmengallardo.com\/index.php?rest_route=%2Fwp%2Fv2%2Fmedia&parent=71"}],"curies":[{"name":"wp","href":"https:\/\/api.w.org\/{rel}","templated":true}]}}